 + (5 - 3)). Suppose m = 5*s - 268, -y*m + 0*m = 3*s - 144. Suppose p - s = -z - z, 3*p = 3. What are the prime factors of z?
2, 13
Let d = 3195 - 1639. What are the prime factors of d?
2, 389
Let j(d) = 64*d + 7. Let h be j(3). Suppose 0 = -5*x + 4*l - l + 475, -2*x + h = -3*l. List the prime factors of x.
2, 23
Let h(w) = -w**2 - 7*w + 3. Let g be h(-6). Suppose 0 = -0*u + u + g. Let i = -4 - u. List the prime factors of i.
5
Let h(z) = -70*z**3 - 4*z**2 - z + 1. What are the prime factors of h(-4)?
4421
Let v be (-2314)/(-6) - (-48)/36. Suppose 2*l - 2*n = 2*n + 142, 5*l - 2*n - v = 0. List the prime factors of l.
79
Let h be 0*-4*2/(-16). Suppose 0 = 3*z + 9 - h. Let c(v) = 6*v**2 - 2*v - 1. List the prime factors of c(z).
59
Let q be (-3 - -3) + -2 - 1. Let i be (-16)/(-6)*q/(-2). Suppose -4*u - 54 = -2*m, m + i*m - 117 = u. List the prime factors of m.
23
Suppose 66*q - 74*q = -3832. What are the prime factors of q?
479
Let t be (-485)/(((-15)/(-6))/(-5)). Suppose -1300 = 4*l + p + p, -p + t = -3*l. List the prime factors of l/(-16) - 1/4.
2, 5
List the prime factors of (13/(-4))/(15/(-60)).
13
Let r(o) = -7*o**3 + 2*o**2 - 2*o. Let i = 3 - 6. Let a be r(i). Suppose 0 = -39*x + 42*x - a. List the prime factors of x.
71
Suppose -5*v + 6855 = 5*w, 3*v - 2742 = -2*w - 2*v. What are the prime factors of w?
3, 457
Suppose -78*d + 994 = -71*d. List the prime factors of d.
2, 71
Suppose -3*a = 0, 5*n + 50 - 1830 = 3*a. Suppose -3*r = r + 5*t - 356, -4*r = 2*t - n. What are the prime factors of r?
89
Suppose -2*k + 33 = 5*a, k + 2 - 1 = a. Suppose x + 4*d = 25, -a*x + 9*d - 4*d = -50. List the prime factors of x.
13
Let d = -74 - -76. Suppose 2*t + 18 + 52 = 2*z, -d*z + 52 = 4*t. What are the prime factors of z?
2
Let l = -260 - -290. What are the prime factors of l?
2, 3, 5
Suppose 368 = -0*g + 4*g. List the prime factors of g.
2, 23
List the prime factors of -13*7/(-14)*22*6.
2, 3, 11, 13
Suppose 2016 = 5*n - 4*f, -21 = 5*f - 1. What are the prime factors of n?
2, 5
Let s be 18*-1*1/(-3). Suppose -q = -2*q + s. Suppose 2 = 4*p - q. What are the prime factors of p?
2
What are the prime factors of (-18)/45 + 10277/5?
3, 5, 137
Let g(s) = s + 2. Let k be g(-1). What are the prime factors of 3/k + (-966)/(-21)?
7
Suppose 33 = 3*c + a, 2*a + 6 = 2*c - 8. Suppose c*v = v + 639. List the prime factors of v.
71
Suppose -11*h - 1012 = -2860. List the prime factors of h.
2, 3, 7
Let t(w) = w**2 - w - 2. Let v = -34 + 21. Let r = v - -18. List the prime factors of t(r).
2, 3
Let q(j) = j**2 - 16*j + 15. Let t be q(9). What are the prime factors of (24/t)/(1/(-60))?
2, 3, 5
Let c be 2/(-15) - (4868/(-60) - -3). What are the prime factors of -42*(c/(-18) - 2/3)?
2, 3, 5, 7
Let l = 5135 + -996. List the prime factors of l.
4139
Let i(a) = a**3 + 12*a**2 + 13*a + 24. Let g be i(-11). Suppose g*s - 3*s + 22 = 0. List the prime factors of s.
2, 11
Let l = 18 - -17. What are the prime factors of (-12)/(-28) + 6495/l?
2, 3, 31
Let p be 7*((-4)/10)/(4/(-10)). Suppose -p*u = -4*u - 369. List the prime factors of u.
3, 41
Let q(s) = -2*s**3 - 4*s**2 + 8*s - 12. Let l = 49 - 54. List the prime factors of q(l).
2, 7
Let v(w) = 28*w**2 + 11*w - 19. Let t be v(9). List the prime factors of t/12 + (-10)/15.
3, 5, 13
List the prime factors of ((-260)/15)/(1 - (-562)/(-558)).
2, 3, 13, 31
Let x = 59 + -21. Suppose -3*n + x + 10 = 0. Let v = -5 + n. What are the prime factors of v?
11
Suppose 4*l + 5*g - 3909 = 0, l - 3*g + 50 - 1023 = 0. List the prime factors of l.
2, 61
Suppose -i = -5*g - 1762, -5*i = -6*i - 2*g + 1776. List the prime factors of i.
2, 443
Suppose i - 40 = 5*i. Let r be i/(-4) + 13/(-26). Suppose -r*p = -5*d - 100, -3*d + 32 = -p + 82. List the prime factors of p.
2, 5
Let d = -62 + 68. Suppose -227 = -d*b - 29. List the prime factors of b.
3, 11
Suppose 0 = -w + 22 + 14. Suppose 18 + w = 6*r. What are the prime factors of r?
3
Suppose 15 = 2*z - 9. Suppose -r = -5*u + 18, -u - r + z = 4*u. List the prime factors of u.
3
Let i = 431 - 134. List the prime factors of i.
3, 11
Suppose 4*r + 4*w - 2764 = 0, -2*r - 4*w + 1385 = -5*w. Let x = -482 + r. What are the prime factors of x?
2, 3, 5, 7
Suppose 1082*h - 1055*h = 139833. What are the prime factors of h?
5179
Let d = -998 + 2312. List the prime factors of d.
2, 3, 73
Suppose 14*f - 15*f = -1069. What are the prime factors of f?
1069
Suppose 5*i + 2834 = 5*r + 15174, i + r - 2478 = 0. List the prime factors of i.
2473
Let p(k) = k**3 - 5*k**2 + 2*k + 5. Let t be p(4). Let h(l) = -l**2 + 5*l + 3. Let z be h(t). Let d = z + 38. What are the prime factors of d?
17
Let t = 10 - 5. Suppose 5*b = 2*k + 3*k, -4*b = -t*k. Suppose b = 4*n - 2 - 18. What are the prime factors of n?
5
Let o = -142 - -90. Let c be 304/o - 4/26. What are the prime factors of (-189)/c - 2/(-4)?
2
Suppose -2*m - 39 = y, -m - 3*y - 9 - 13 = 0. Let l = m - -39. What are the prime factors of l?
2, 5
Let l = -334 + -226. What are the prime factors of (l/(-24))/((-1)/(-3))?
2, 5, 7
Let k be (12 - -1) + -4 - -3. Suppose y = 2*g - k, 4*y - y + 20 = 4*g. Suppose d + 70 = 6*d + 3*u, d + 5*u = -g. List the prime factors of d.
17
Let s(h) = -h - 3. Let z be s(10). Let k be (-18)/12*(-1 - z). What are the prime factors of (-12)/k - (-32)/6?
2, 3
List the prime factors of (-13)/169 - (-10767)/39.
2, 3, 23
Let p be 444 - (-2 - 1) - (1 + 2). Let v = p - 261. List the prime factors of v.
3, 61
Suppose -4*b + 4 = -3*b. Suppose -2*w + 853 = 5*k, 2*k - b*w - 112 = 210. List the prime factors of k.
13
Let n = -875 - -1205. What are the prime factors of n?
2, 3, 5, 11
Let k = 427 + 36. What are the prime factors of k?
463
Suppose 0*l + 8*l = 304. Let b = l + -22. What are the prime factors of b?
2
Let d = -23 - -35. Let x = 59 + d. List the prime factors of x.
71
Let k(f) = f**2 - 3*f - 4. Let r be k(9). Suppose 3*h = 91 + r. What are the prime factors of ((-3)/(3/h))/(-1)?
47
Suppose -g = -4*i + 13, -i + 19 = -5*g + 10*g. Suppose -g*v + 284 = 5*c, -2*v - 4*c + 2*c = -192. List the prime factors of v.
2, 7
Let x(f) = 6*f**2 - 142*f + 31. What are the prime factors of x(-14)?
3, 5, 71
Let l = 87 - -334. List the prime factors of l.
421
What are the prime factors of 229971/126 - (-2)/(-24)*2?
5, 73
Suppose -17 = -z - 0. Suppose -9 = 4*p - z. Let x = 31 - p. What are the prime factors of x?
29
Let g(h) = -h**3 + 2 + 4*h**2 - 5*h**2 - h + 2. Suppose 0 = 4*k - 3*k + 3. What are the prime factors of g(k)?
5
Suppose 0 = -r + 322 + 602. Suppose -11*z + 17*z - r = 0. What are the prime factors of z?
2, 7, 11
Let x be (-1)/((-1 - 2)/(-9)). Let v be (x + -4)/((-3)/(-6)). Let a = -10 - v. What are the prime factors of a?
2
Let w = 2604 - 1212. What are the prime factors of w?
2, 3, 29
Let m be -4 + 5 + -4 + 2. What are the prime factors of 3 - m - (-11 - 50)?
5, 13
Let a(d) = -d**3 - 6*d**2 - 26*d - 19. List the prime factors of a(-8).
317
Suppose 40 = 3*a - 20. List the prime factors of 1555/a + (-1)/(-4).
2, 3, 13
Let a be 6 + 6/(-3) + 2. Let p = -15 + a. Let v = 6 - p. What are the prime factors of v?
3, 5
Let b(v) = -2*v - 26. Let q be b(-13). Let t = q + 75. What are the prime factors of t?
3, 5
Let d = 185 - 47. Suppose h + 4*w - d = -h, 2*h - w - 118 = 0. List the prime factors of h.
61
Suppose 3*s - 5060 = -8*s. Let m = -321 + s. List the prime factors of m.
139
Suppose -3*w = -497 - 532. Suppose 5*u = 2*v - w, -2*u + 673 = 4*v + u. Suppose v = 3*g + 28. List the prime factors of g.
47
Suppose -2*w + 8 = -8. Suppose -v = -5*q + 36, 3*v + 28 + w = -3*q. List the prime factors of ((-33)/44)/(1/v).
2, 3
Suppose 369 - 1084 = -11*t. Let c = t - 32. What are the prime factors of c?
3, 11
Suppose 0 = h - 3*h - 5*k - 128, h = -k - 70. Let g = 126 + h. What are the prime factors of g?
2, 13
Let m be (-3)/((-1)/3 - (-4)/(-6)). Suppose 6*k = 8*k + z - 218, 337 = m*k + 4*z. What are the prime factors of k?
107
What are the prime factors of (-115*(-15)/100)/((-2)/(-288))?
2, 3, 23
Suppose 2*s = -4*p + 38, 8*s + 4*p = 11*s - 77. Let l = 6 + s. What are the prime factors of l?
29
Suppose 4*j - o - 14 = 0, 0*j + o = 3*j - 11. Suppose j = m, 4*z = 5*m - 1 - 2. What are the prime factors of z?
3
Let o = 5 + 0. Suppose 0 = o*c - 4*c - 2. Suppose c*i = -0*i + 88. List the p